543 is divided by 9550.
9493
Calculate the remainder when 95821 is divided by 31714.
679
Calculate the remainder when 702702 is divided by 2179.
1064
What is the remainder when 2591992 is divided by 115?
7
Calculate the remainder when 5057243 is divided by 250.
243
What is the remainder when 347284 is divided by 86594?
908
What is the remainder when 3253903379 is divided by 195?
194
Calculate the remainder when 1338192 is divided by 3124.
1120
What is the remainder when 26566715 is divided by 561?
560
What is the remainder when 22202 is divided by 1210?
422
Calculate the remainder when 287957 is divided by 463.
434
What is the remainder when 777551 is divided by 259?
33
Calculate the remainder when 88172 is divided by 1401.
1310
Calculate the remainder when 34883933 is divided by 3539.
10
Calculate the remainder when 26450951 is divided by 24.
23
What is the remainder when 89980 is divided by 791?
597
Calculate the remainder when 1084841 is divided by 195.
56
What is the remainder when 1085492 is divided by 217083?
77
What is the remainder when 548261 is divided by 8650?
3311
What is the remainder when 146585 is divided by 372?
17
Calculate the remainder when 641792 is divided by 591.
557
Calculate the remainder when 97885 is divided by 553.
4
What is the remainder when 715299 is divided by 5146?
5
Calculate the remainder when 11655909 is divided by 2107.
2092
Calculate the remainder when 638313 is divided by 635048.
3265
What is the remainder when 21945772 is divided by 4389147?
37
Calculate the remainder when 71531 is divided by 4468.
43
Calculate the remainder when 3194445 is divided by 32932.
41
Calculate the remainder when 6211868 is divided by 2131.
3
Calculate the remainder when 488831 is divided by 23272.
119
What is the remainder when 110344 is divided by 937?
715
Calculate the remainder when 23639497 is divided by 125.
122
Calculate the remainder when 4899347 is divided by 979865.
22
What is the remainder when 8125535 is divided by 636?
635
What is the remainder when 288653 is divided by 143916?
821
Calculate the remainder when 13585 is divided by 607.
231
Calculate the remainder when 2751687 is divided by 370.
367
What is the remainder when 11805514 is divided by 43?
36
What is the remainder when 67970945 is divided by 14?
7
Calculate the remainder when 129433944 is divided by 1005.
999
What is the remainder when 43175 is divided by 2693?
87
Calculate the remainder when 41799 is divided by 8346.
69
What is the remainder when 1633466 is divided by 204180?
26
What is the remainder when 412785 is divided by 29450?
485
What is the remainder when 3822927 is divided by 16?
15
Calculate the remainder when 37210493 is divided by 39293.
22
What is the remainder when 244879 is divided by 81481?
436
What is the remainder when 106467217 is divided by 47172?
13
What is the remainder when 5406220 is divided by 238?
50
What is the remainder when 616005 is divided by 1100?
5
Calculate the remainder when 18466 is divided by 1577.
1119
Calculate the remainder when 33610 is divided by 1784.
1498
What is the remainder when 77051 is divided by 42?
23
What is the remainder when 17935438 is divided by 42501?
16
Calculate the remainder when 1135676 is divided by 1665.
146
What is the remainder when 947281 is divided by 94635?
931
Calculate the remainder when 8619512 is divided by 498.
128
What is the remainder when 37041429 is divided by 437?
435
What is the remainder when 34331183 is divided by 6866236?
3
What is the remainder when 3047363 is divided by 4015?
3993
Calculate the remainder when 1217169 is divided by 3654.
387
Calculate the remainder when 55934 is divided by 12656.
5310
What is the remainder when 5233909 is divided by 74770?
9
Calculate the remainder when 55932759 is divided by 40.
39
What is the remainder when 7930521 is divided by 7?
4
Calculate the remainder when 2753847 is divided by 131134.
33
What is the remainder when 2771591 is divided by 153977?
5
Calculate the remainder when 76545 is divided by 998.
697
Calculate the remainder when 561635 is divided by 26.
9
Calculate the remainder when 124242687 is divided by 30.
27
What is the remainder when 20702073 is divided by 200991?
0
What is the remainder when 13277863 is divided by 10?
3
Calculate the remainder when 489650 is divided by 5712.
4130
Calculate the remainder when 1241511 is divided by 19100.
11
What is the remainder when 3027225 is divided by 756802?
17
What is the remainder when 52220 is divided by 10356?
440
Calculate the remainder when 445662957 is divided by 1356.
1353
What is the remainder when 23318674 is divided by 2914832?
18
What is the remainder when 411393 is divided by 205668?
57
Calculate the remainder when 1314555 is divided by 10.
5
What is the remainder when 58424986 is divided by 2722?
2700
What is the remainder when 1080270 is divided by 1652?
1514
Calculate the remainder when 649231 is divided by 3507.
436
Calculate the remainder when 3268478 is divided by 1319.
1315
What is the remainder when 11267407 is divided by 1271?
1263
Calculate the remainder when 6590554 is divided by 214.
210
What is the remainder when 33947167 is divided by 470?
7
What is the remainder when 5932030 is divided by 741503?
6
Calculate the remainder when 990607 is divided by 3013.
2343
Calculate the remainder when 6302 is divided by 3020.
262
Calculate the remainder when 16959010 is divided by 167.
160
Calculate the remainder when 10477138 is divided by 116.
18
What is the remainder when 720461150 is divided by 232?
230
What is the remainder when 381408 is divided by 6102?
3084
What is the remainder when 4020366 is divided by 27?
12
Calculate the remainder when 491308 is divided by 69142.
7314
What is the remainder when 5774018 is divided by 7355?
343
What is the remainder when 1747267 is divided by 51?
7
Calculate the remainder when 89542057 is divided by 23.
21
What is the remainder when 57355 is divided by 1418?
635
What is the remainder when 23145818 is divided by 30?
8
What is the remainder when 15386092 is divided by 176?
172
What is the remainder when 394559 is divided by 196?
11
What is the remainder when 3333892 is divided by 107?
93
Calculate the remainder when 1230829 is divided by 44.
17
What is the remainder when 1707607 is divided by 196?
55
Calculate the remainder when 1394570 is divided by 1276.
1178
What is the remainder when 1069043 is divided by 9137?
14
What is the remainder when 2265 is divided by 2176?
89
Calculate the remainder when 146470273 is divided by 63.
61
What is the remainder when 30586341 is divided by 4369474?
23
What is the remainder when 382109 is divided by 54523?
448
What is the remainder when 501144 is divided by 5110?
364
Calculate the remainder when 2521794 is divided by 22.
0
What is the remainder when 3092277 is divided by 4854?
279
Calculate the remainder when 1132756 is divided by 18558.
718
Calculate the remainder when 1295545 is divided by 12222.
13
Calculate the remainder when 130664 is divided by 531.
38
What is the remainder when 5480837 is divided by 75?
62
What is the remainder when 10979309 is divided by 844560?
29
What is the remainder when 652970 is divided by 108827?
8
What is the remainder when 5789640 is divided by 1526?
1522
Calculate the remainder when 177922 is divided by 1648.
1586
Calculate the remainder when 26304908 is divided by 1012.
1004
What is the remainder when 1825822 is divided by 229?
5
What is the remainder when 518517 is divided by 19?
7
What is the remainder when 5106445 is divided by 30948?
25
What is the remainder when 45286538 is divided by 9504?
9482
Calculate the remainder when 16713478 is divided by 143.
67
Calculate the remainder when 555745896 is divided by 67.
58
What is the remainder when 142592 is divided by 41?
35
Calculate the remainder when 156009 is divided by 12993.
93
Calculate the remainder when 9800443 is divided by 30.
13
Calculate the remainder when 22519 is divided by 10742.
1035
What is the remainder when 2969485 is divided by 148474?
5
Calculate the remainder when 2790484 is divided by 19378.
52
What is the remainder when 1767875 is divided by 1742?
1487
What is the remainder when 10307009 is divided by 1076?
5
What is the remainder when 4502269 is divided by 522?
19
Calculate th